. What are the prime factors of h?
2, 19
Suppose 20 = 5*d, 6*p = 2*p - 3*d + 348. Suppose 3*s + 0*s = p. What are the prime factors of s?
2, 7
Let i(d) = 7*d - 5*d - 2*d**2 + 0*d + 20*d**3 - 3*d**3. List the prime factors of i(1).
17
Let y be (30/(-9))/((-2)/3). Suppose 3 + y = 4*s. Suppose 0 = 3*k - s*k - 6. List the prime factors of k.
2, 3
Suppose -4*h + 372 = -3*x, -3*x - 262 = -3*h - 5*x. What are the prime factors of h?
2, 3, 5
Let r be ((-8)/20)/((-4)/20). Let t = 5 + r. What are the prime factors of t?
7
Let n = 79 - 45. What are the prime factors of n?
2, 17
Let f be 2/(-4) - 7/(-2). Suppose 0 + 63 = f*n. List the prime factors of n.
3, 7
Let s(f) = f**2 + 9*f - 3. Let v be (-3 + 6 + -13)/1. List the prime factors of s(v).
7
Suppose 0 = -5*t + t. Let a(o) = -o**3 - o + 8. List the prime factors of a(t).
2
Let p(r) = r**2 - 5*r + 3. Let l be p(5). Suppose -4*n - 5 = -b - 19, 0 = -3*n + l*b + 15. List the prime factors of n.
3
Suppose 14*k = 8*k + 1482. What are the prime factors of k?
13, 19
Let w = 94 + -75. What are the prime factors of w?
19
Suppose w - 2*w = 3*u - 18, -3*u = -2*w - 9. Suppose 0 = k + 1, -4*y + u*y + 5*k = -2. Suppose -52 = y*f - 7*f. List the prime factors of f.
13
Let w(k) = -k**2 + 5*k - 4. Let p be w(3). Suppose 2*h = 4*y, y = 7*h - p*h. List the prime factors of (-16)/(-2) - (1 + h).
7
Let z = -2 + -1. Let v(g) = -2*g - 3. Let a be v(z). List the prime factors of 2/6 - (-5)/a.
2
Let b = 0 + 4. Suppose -4*q + 62 = 2*x - 46, b*q + 214 = 5*x. What are the prime factors of x/4 - 6/(-12)?
2, 3
Let x(g) = -3*g**3 - 3*g**2 + 4*g + 4. What are the prime factors of x(-4)?
2, 3, 11
Suppose 3*d + 146 = 2*t, d - 4*d + 219 = 3*t. What are the prime factors of t?
73
Let o = -9 - -11. Suppose -63 = -5*t + o*t. What are the prime factors of t?
3, 7
Suppose -2*x + 230 = 14. What are the prime factors of x?
2, 3
Let a be (-418)/3 + 14/(-21). What are the prime factors of (-1)/2*a/7?
2, 5
Suppose n + 3*o - 18 + 2 = 0, 19 = n + 4*o. What are the prime factors of n?
7
Let g(h) = 11*h + 33. Let z(c) = 1. Let j(m) = g(m) - 33*z(m). List the prime factors of j(3).
3, 11
Let m(j) = 1 + 0 - 2*j + 5*j - j. Let s(a) = a**2 + 4*a + 2. Let g be s(-5). List the prime factors of m(g).
3, 5
Suppose -s = c - 87, 2*c - 2*s + 57 = 219. List the prime factors of c.
2, 3, 7
Suppose -3*j = 4*y + y - 237, 115 = 3*y - 5*j. What are the prime factors of y?
3, 5
List the prime factors of 5/2 - (-2 - (-2)/4).
2
Let v(l) = 3*l**2 - l. Let t be v(-1). Suppose -t*y + 72 = 2*j, y - 14 - 22 = -5*j. What are the prime factors of y?
2
Let b(l) be the second derivative of l**5/20 + 5*l**4/12 - l**3/2 - 5*l. List the prime factors of b(-3).
3
Let m be 14/6 - 4/(-6). Let i(c) = 0*c**2 - c - c**3 - m*c**2 + 1 - c - 6. What are the prime factors of i(-4)?
19
Let a be 15/(-2)*(-8)/6. Suppose 15 + a = s. List the prime factors of s.
5
Suppose 0 = 4*u + 16, 3*l - 4*u - 36 = -l. Let w = 10 + l. List the prime factors of w.
3, 5
Let g(j) = -j**2 + 2. Let y(x) = x - 2. Let o be y(2). List the prime factors of g(o).
2
Suppose 2*k + 10 = -5*p + 1, p - 3 = -2*k. Suppose 0*f + f - 10 = 0. Let m = p + f. What are the prime factors of m?
7
Let d = -5 + 8. Suppose 5*v = -p + 12, -3*v - d*p + 14 = p. Suppose 0 = -v*a + 13 + 5. What are the prime factors of a?
3
Let b(g) = g + 5. Let d(m) = 0*m**2 + 2 + m**2 - 2 - m. Let c(o) = -b(o) + d(o). List the prime factors of c(5).
2, 5
Suppose -4*d + 87 = p, -5*d + 348 = 4*p - 10*d. Suppose 17 = -5*g + p. List the prime factors of g.
2, 7
Let h = -59 + 98. What are the prime factors of h?
3, 13
Let s be (-1 - (-42)/8)*8. Suppose r - 3*r + s = 0. What are the prime factors of r?
17
Let c be ((-3)/(-6)*2)/(-1). Let b(q) = 12*q. Let y(l) = -12*l. Let k(v) = 3*b(v) + 4*y(v). What are the prime factors of k(c)?
2, 3
Suppose -2*l + 148 = 6. List the prime factors of l.
71
Let h = 252 - 148. What are the prime factors of h?
2, 13
Let q(d) = -d + 23. List the prime factors of q(8).
3, 5
Suppose 4*o - 44 = 5*j - 3*j, 5*o = j + 52. Let a = o + -7. List the prime factors of a.
3
Suppose 2*i = 5*i - 36. List the prime factors of i.
2, 3
Suppose -d = 4 + 3. Let y = d + 16. List the prime factors of y.
3
Let u = -7 + 4. Let g = 21 + -18. List the prime factors of (72/(-3))/u + g.
11
Let i = 31 + -22. Let l be (i/6)/((-2)/4). Let p(t) = -5*t - 3. What are the prime factors of p(l)?
2, 3
Let o(h) = -h**2 + 9*h - 4. Let m be o(8). Suppose -m*k = -12 + 4, 2*k + 141 = 5*f. What are the prime factors of f?
29
Let f(b) = b - 7. Let i be f(7). Let t(l) = l**2 - l + 7. Let r be t(i). Let n(u) = u**3 - 6*u**2 - 5*u - 2. List the prime factors of n(r).
2, 3
Let r(d) = -5*d**2 - d + 6*d - 7 + d**3 - 2*d. Let n be r(5). List the prime factors of 3 + 4/(n/22).
2, 7
Let z be (-3)/(3 - 18/5). Let f = 7 - z. Suppose 18 = -0*k + f*k. What are the prime factors of k?
3
Suppose s - 66 = 16. What are the prime factors of s?
2, 41
Suppose 0 = 4*d - 9 - 7. Suppose d*t - 28 = 16. What are the prime factors of t?
11
Let p(k) = k + 3. Let f be p(0). Suppose 73 = f*q + 7. What are the prime factors of q?
2, 11
Let j be -4 + (2 - -2) + 3. Suppose -j*u + 4*u - 16 = 0. What are the prime factors of u?
2
Let j(r) = 8*r**2 - 10*r - 9. List the prime factors of j(4).
79
Let o = 27 + 47. List the prime factors of o.
2, 37
Let v = -4 - -6. Let w be (-6 + -1)/(3 - 4). Suppose -v*i = -w*i + 95. What are the prime factors of i?
19
What are the prime factors of 49/2 - 1/(-2)?
5
Suppose 4*u = 7*u - 9. Suppose 4*w - u*w = 13. List the prime factors of w.
13
Let y be (-28)/(-8) + 2/(-4). Suppose y*c = -2*l - 6, 3*c - l + 9 = -4*l. Suppose -3*s + c*s - 4*f + 26 = 0, 0 = -4*f - 4. What are the prime factors of s?
2, 5
Let u(v) = -2*v + 2. Let b(z) = 4*z - 5. Let r(j) = 3*b(j) + 5*u(j). What are the prime factors of r(5)?
5
List the prime factors of ((-72)/10)/((-2)/30).
2, 3
Let y(r) = 10*r**3 + 2*r**2 + 16*r + 2. Let i(p) = 3*p**3 + p**2 + 5*p + 1. Let b(g) = -7*i(g) + 2*y(g). What are the prime factors of b(-3)?
2, 3
Suppose 3*c + 222 = 3*o, 0 = -o + 5*c + 59 + 35. What are the prime factors of o?
3, 23
Let r = 9 - 6. Suppose 0*d = 4*v - r*d - 99, -5*v + 85 = 4*d. What are the prime factors of v?
3, 7
Suppose -2*v + 0*x - 29 = -5*x, x - 5 = 0. Let o(t) = -7*t - 7. Let r be o(-2). Let k = r - v. What are the prime factors of k?
3
Let h be 24/9*3/2. Suppose -38 = -h*q + 14. What are the prime factors of q?
13
Let b(y) = -y**3 + 3*y**2 + 3*y + 2. Let h(q) = q - 3. Let c be h(6). Let l be 3 + -1 + -2 + c. What are the prime factors of b(l)?
11
Let o(p) = 7*p - 1. Let n be o(2). Suppose -n = -0*q - q. What are the prime factors of q?
13
Let m(v) = -v**3 - 7*v**2 - 8*v + 15. List the prime factors of m(-7).
71
Suppose 0 = 3*h - 3*r - 21, 5*h + 2*r + 5 = 12. Suppose -3*b + 65 = i - 0*i, -4*b = -h*i - 65. What are the prime factors of b?
2, 5
Let u = 5 + -1. Suppose v + z - 15 = 0, -3*v + u*z = -z - 69. Suppose 0*h + h = v. What are the prime factors of h?
2, 3
Suppose 6*d - 123 = 3*d. Suppose 0 = -4*b + d + 3. Suppose 2*n - n + 4 = 0, -s - 4*n - b = 0. List the prime factors of s.
5
Let a(f) = -1 - f - f - 1 + 3*f. Let j be a(0). Let h(b) = -b + 2. List the prime factors of h(j).
2
Suppose -5*c - 17 = 3*d - 2*d, -2*d + 26 = -5*c. Suppose z = d*z. Suppose z = 2*n + 2*n - 32. List the prime factors of n.
2
Let u(z) = 19*z**3 - 2*z + 2. List the prime factors of u(1).
19
Let o be ((-8)/6)/(2/(-3)). Suppose 4*n = 5*n - 4*b - 3, 12 = 4*n - o*b. Suppose n + 6 = h. List the prime factors of h.
3
Let z(a) = 8*a + 7. Let l(f) = -8*f - 6. Let q(k) = 6*l(k) + 5*z(k). List the prime factors of q(-4).
31
List the prime factors of (-13)/(-2)*1*(2 + 44).
13, 23
Let l be (-2 - 0) + 1/1. Let p = 8 - l. List the prime factors of (-46)/(-6) - (-3)/p.
2
Suppose -2*j + 5*x = -14, -3*j - 2*x = -2 - 0. Suppose m - j = 4. What are the prime factors of m?
2, 3
Let z(x) = x**3 + 3*x**2 - x. Let t be z(-4). List the prime factors of (-45)/t + (-3)/(-12).
2
Suppose w - 12 = -3*w. Suppose f - 45 = w*l - 14, -23 = -f + l. List the prime factors of f.
19
Let h(w) = 3*w + 3. Let t be (-21)/(-12)*(-1 + 5). List the prime factors of h(t).
2, 3
Let n(h) = 6*h - 20. Let q(w) = -2*w + 7. Let d(z) = -6*n(z) - 17*q(z). List the prime